{"version":"1.0","type":"rich","width":"560px","height":"140px","title":"Roger Willemsen im Gespr\u00e4ch: Vom Reisen zu den Enden der Welt &#8211; Buchmesse-Podcast 2010","url":"https:\/\/www.literaturcafe.de\/roger-willemsen-interview-enden-der-welt-buchmesse-podcast-2010\/","author_name":"literaturcafe.de - B\u00fccher lesen, B\u00fccher schreiben - Interviews, Tipps und akustische Eindr\u00fccke aus der Welt der B\u00fccher und H\u00f6rb\u00fccher.","author_url":"https:\/\/www.literaturcafe.de","thumbnail_url":"https:\/\/www.literaturcafe.de\/wp-content\/uploads\/roger_willemsen.jpg","html":"<iframe width=\"560px\" height=\"140px\" src=\"https:\/\/www.literaturcafe.de\/roger-willemsen-interview-enden-der-welt-buchmesse-podcast-2010\/?standalonePlayer\"><\/iframe>"}

Roger Willemsen im Gespräch: Vom Reisen zu den Enden der Welt &#8211; Buchmesse-Podcast 2010

literaturcafe.de - Bücher lesen, Bücher schreiben - Interviews, Tipps und akustische Eindrücke aus der Welt der Bücher und Hörbücher.
