{"version":"1.0","type":"rich","width":"560px","height":"140px","title":"Roger Willemsen im Interview: \u00bbWir werden den Kopf sch\u00fctteln dar\u00fcber, was wir alles mit unseren Daten erlaubt haben\u00ab","url":"https:\/\/www.literaturcafe.de\/roger-willemsen-im-interview-wir-werden-mit-dem-kopf-schuetteln-darueber-was-wir-alles-mit-unseren-daten-erlaubt-haben\/","author_name":"literaturcafe.de - B\u00fccher lesen, B\u00fccher schreiben - Interviews, Tipps und akustische Eindr\u00fccke aus der Welt der B\u00fccher und H\u00f6rb\u00fccher.","author_url":"https:\/\/www.literaturcafe.de","thumbnail_url":"https:\/\/www.literaturcafe.de\/wp-content\/uploads\/willemsen_interview.jpg","html":"<iframe width=\"560px\" height=\"140px\" src=\"https:\/\/www.literaturcafe.de\/roger-willemsen-im-interview-wir-werden-mit-dem-kopf-schuetteln-darueber-was-wir-alles-mit-unseren-daten-erlaubt-haben\/?standalonePlayer\"><\/iframe>"}

Roger Willemsen im Interview: »Wir werden den Kopf schütteln darüber, was wir alles mit unseren Daten erlaubt haben«

literaturcafe.de - Bücher lesen, Bücher schreiben - Interviews, Tipps und akustische Eindrücke aus der Welt der Bücher und Hörbücher.
