{"version":"1.0","type":"rich","width":"560px","height":"140px","title":"Nicola Steiner \u00fcber Jane Austen und das Literaricum: \u00bbDen Blick ver\u00e4ndern\u00ab &#8211; Literaricum Lech 2023 - Die Kulturjournalistin und Literaturkritikerin Nicola Steiner kuratiert das Programm des Literaricum Lech. Steiner, die bis vor kurzem den Literaturclub im Schweizer Fernsehen moderierte, beschreitet demn\u00e4chst beruflich neue Wege.","url":"https:\/\/www.literaturcafe.de\/nicola-steiner-ueber-jane-austen-und-das-literaricum-den-blick-veraendern-literaricum-lech-2023\/","author_name":"literaturcafe.de - B\u00fccher lesen, B\u00fccher schreiben - Interviews, Tipps und akustische Eindr\u00fccke aus der Welt der B\u00fccher und H\u00f6rb\u00fccher.","author_url":"https:\/\/www.literaturcafe.de","thumbnail_url":"https:\/\/www.literaturcafe.de\/wp-content\/uploads\/nicola_steiner_2023.jpg","html":"<iframe width=\"560px\" height=\"140px\" src=\"https:\/\/www.literaturcafe.de\/nicola-steiner-ueber-jane-austen-und-das-literaricum-den-blick-veraendern-literaricum-lech-2023\/?standalonePlayer\"><\/iframe>"}

Nicola Steiner über Jane Austen und das Literaricum: »Den Blick verändern« &#8211; Literaricum Lech 2023 - Die Kulturjournalistin und Literaturkritikerin Nicola Steiner kuratiert das Programm des Literaricum Lech. Steiner, die bis vor kurzem den Literaturclub im Schweizer Fernsehen moderierte, beschreitet demnächst beruflich neue Wege.

literaturcafe.de - Bücher lesen, Bücher schreiben - Interviews, Tipps und akustische Eindrücke aus der Welt der Bücher und Hörbücher.
