{"version":"1.0","type":"rich","width":"560px","height":"140px","title":"Interview und Buchkritik: Jonas L\u00fcscher &#8211; \u00bbFr\u00fchling der Barbaren\u00ab","url":"https:\/\/www.literaturcafe.de\/interview-und-buchkritk-jonas-luescher-fruehling-der-barbaren\/","author_name":"literaturcafe.de - B\u00fccher lesen, B\u00fccher schreiben - Interviews, Tipps und akustische Eindr\u00fccke aus der Welt der B\u00fccher und H\u00f6rb\u00fccher.","author_url":"https:\/\/www.literaturcafe.de","thumbnail_url":"https:\/\/www.literaturcafe.de\/wp-content\/uploads\/luescher_fruehling.jpg","html":"<iframe width=\"560px\" height=\"140px\" src=\"https:\/\/www.literaturcafe.de\/interview-und-buchkritk-jonas-luescher-fruehling-der-barbaren\/?standalonePlayer\"><\/iframe>"}

Interview und Buchkritik: Jonas Lüscher &#8211; »Frühling der Barbaren«

literaturcafe.de - Bücher lesen, Bücher schreiben - Interviews, Tipps und akustische Eindrücke aus der Welt der Bücher und Hörbücher.
