{"version":"1.0","type":"rich","width":"560px","height":"140px","title":"Der Bachmannpreis-Podcast 2013 &#8211; Ab 3. Juli 2013","url":"https:\/\/www.literaturcafe.de\/der-bachmannpreis-podcast-2013-trailer\/","author_name":"literaturcafe.de - B\u00fccher lesen, B\u00fccher schreiben - Interviews, Tipps und akustische Eindr\u00fccke aus der Welt der B\u00fccher und H\u00f6rb\u00fccher.","author_url":"https:\/\/www.literaturcafe.de","thumbnail_url":"https:\/\/www.literaturcafe.de\/wp-content\/uploads\/tddl_podcast_2013.jpg","html":"<iframe width=\"560px\" height=\"140px\" src=\"https:\/\/www.literaturcafe.de\/der-bachmannpreis-podcast-2013-trailer\/?standalonePlayer\"><\/iframe>"}

literaturcafe.de - Bücher lesen, Bücher schreiben - Interviews, Tipps und akustische Eindrücke aus der Welt der Bücher und Hörbücher.
