{"version":"1.0","type":"rich","width":"560px","height":"140px","title":"Den Self-Publisher gibt es nicht &#8211; Video-Podcast von der Frankfurter Buchmesse 2014 &#8211; Tag 1","url":"https:\/\/www.literaturcafe.de\/den-self-publisher-gibt-es-nicht-video-podcast-von-der-frankfurter-buchmesse-2014-tag-1\/","author_name":"literaturcafe.de - B\u00fccher lesen, B\u00fccher schreiben - Interviews, Tipps und akustische Eindr\u00fccke aus der Welt der B\u00fccher und H\u00f6rb\u00fccher.","author_url":"https:\/\/www.literaturcafe.de","thumbnail_url":"https:\/\/www.literaturcafe.de\/wp-content\/uploads\/videopodcast_selfpub1.jpg","html":"<iframe width=\"560px\" height=\"140px\" src=\"https:\/\/www.literaturcafe.de\/den-self-publisher-gibt-es-nicht-video-podcast-von-der-frankfurter-buchmesse-2014-tag-1\/?standalonePlayer\"><\/iframe>"}

literaturcafe.de - Bücher lesen, Bücher schreiben - Interviews, Tipps und akustische Eindrücke aus der Welt der Bücher und Hörbücher.
