{"version":"1.0","type":"rich","width":"560px","height":"140px","title":"Bachmannpreis-Podcast vom Er\u00f6ffnungsabend 2023: Freiheit ist kein individueller Besitz - Die 47. Tage der deutschsprachigen Literatur sind er\u00f6ffnet. In der ersten Podcast-Folge direkt aus Klagenfurt blicken Andrea Diener und Wolfgang Tischer auf das, was war und beim Bachmannpreis werden k\u00f6nnte.","url":"https:\/\/www.literaturcafe.de\/bachmannpreis-podcast-vom-eroeffnungsabend-2023-freiheit-ist-kein-individueller-besitz\/","author_name":"literaturcafe.de - B\u00fccher lesen, B\u00fccher schreiben - Interviews, Tipps und akustische Eindr\u00fccke aus der Welt der B\u00fccher und H\u00f6rb\u00fccher.","author_url":"https:\/\/www.literaturcafe.de","thumbnail_url":"https:\/\/www.literaturcafe.de\/wp-content\/uploads\/wolfgang_tischer_andrea_diener.jpg","html":"<iframe width=\"560px\" height=\"140px\" src=\"https:\/\/www.literaturcafe.de\/bachmannpreis-podcast-vom-eroeffnungsabend-2023-freiheit-ist-kein-individueller-besitz\/?standalonePlayer\"><\/iframe>"}

Bachmannpreis-Podcast vom Eröffnungsabend 2023: Freiheit ist kein individueller Besitz - Die 47. Tage der deutschsprachigen Literatur sind eröffnet. In der ersten Podcast-Folge direkt aus Klagenfurt blicken Andrea Diener und Wolfgang Tischer auf das, was war und beim Bachmannpreis werden könnte.

literaturcafe.de - Bücher lesen, Bücher schreiben - Interviews, Tipps und akustische Eindrücke aus der Welt der Bücher und Hörbücher.
